e -3*s = -2*s. Suppose 4*z - 148 = 4*x, s = -5*z + 3*x + 92 + 87. Suppose 7 = h - 5. Calculate the remainder when z is divided by h.
10
Suppose 0 = -5*s + 3*z - 4*z + 390, 4*z + 20 = 0. Calculate the remainder when s is divided by 8.
7
Suppose 0*g = -g + 7. Let q be 0 + -2 - 15/(-5). Let d(a) = 4*a. Calculate the remainder when g is divided by d(q).
3
Let m(d) = -4*d - 7. What is the remainder when m(-6) is divided by (-6 + 5 + -4)/(-1)?
2
Let d be (-3)/(-12)*-5*-4. Let t be (-10)/(-2) + (-10)/d. Suppose -j + t*s = -4, 2 = -4*s + 6. What is the remainder when 20 is divided by j?
6
Suppose 3*m + 5 = 4*m. Suppose -m*d - 8 = -193. Calculate the remainder when d is divided by 2 + 11 + 0/(-4).
11
Suppose 1 = 4*b - 3*b, 2*u + 3*b = 1. Calculate the remainder when 15 is divided by 0 + 8 + u + 2.
6
Let w = 86 - 72. Calculate the remainder when 41 is divided by w.
13
Let o(z) = z**2 - 3*z + 5. Let i(c) = -c**2 + 6*c + 1. Let d be i(5). What is the remainder when o(d) is divided by 13?
10
Let n(h) = h**2 - 5*h + 14. Let l be n(10). Suppose -3*z = z - l. Let d = -52 - -98. What is the remainder when d is divided by z?
14
Let m = -74 - -95. Suppose -5*r + 396 = -c + 4*c, 2*r - 147 = -5*c. Calculate the remainder when r is divided by m.
18
Calculate the remainder when 36/24*((-2 - -63) + 1) is divided by 19.
17
Suppose -2 = -3*w + 10. Let z = 5 - w. Calculate the remainder when 3 is divided by z.
0
Let y = 7 - 6. What is the remainder when (y + -2)/((-3)/87) is divided by 10?
9
What is the remainder when 3 is divided by (-3)/(2/(-4) + -1)?
1
Let g(k) = 2*k + 13. Let p be g(-9). Let q = p + 2. What is the remainder when 54 is divided by (21/q)/(1/(-2))?
12
Suppose 0*v - 2*v + 10 = 0. Let n(h) = 2*h**2 + h - 1. Calculate the remainder when n(2) is divided by v.
4
Let p = 18 + -13. Suppose 0 = -3*t + p*t - 48. Suppose 0 = z - 5 - 8. Calculate the remainder when t is divided by z.
11
Let y = 4 + 6. Let o be 12/(-20) - 203/(-5). Let s = -11 + o. Calculate the remainder when s is divided by y.
9
Let n = -4 + 7. Suppose -4*w + v + 24 = 0, 4*w + v - 19 = -n. Suppose -3*t + w*t = 26. What is the remainder when 24 is divided by t?
11
Let m = -9 - -19. Calculate the remainder when m is divided by 4.
2
Let j be (-2)/(2/(-1)) - -2. Suppose -j*f - 22 = -5*b, f + 12 = 5*b - 12. What is the remainder when b is divided by (-1 + 0)/(1/(-2))?
1
Let w = 7 + -9. Let b = w - -4. Calculate the remainder when 6 is divided by (b - -2)*1 - 0.
2
Let z = -6 + 10. Suppose -q = z*q - 15. Suppose 2*o + 1 = 9. What is the remainder when o is divided by q?
1
Let u = 6 - -27. Let l(b) = b**2 + b - 3. What is the remainder when u is divided by l(-5)?
16
Let w(t) be the first derivative of -33*t**2/2 + 3*t + 3. Let o be w(-4). Calculate the remainder when 52 is divided by ((-2)/5)/((-3)/o).
16
Suppose 32 = 8*p - 7*p. Calculate the remainder when 94 is divided by p.
30
Let b = 86 - 57. What is the remainder when 55 is divided by b?
26
Suppose -u + 21 = 2*i, -3 = -0*u + 3*u. Let p be -2 + 4/((-4)/(-45)). Suppose 0 = 2*l - l - p. What is the remainder when l is divided by i?
10
Suppose -4*j = -4*a - 164, 73 + 15 = 2*j - 5*a. Calculate the remainder when j is divided by 21.
18
Suppose l + 3*l - 191 = 3*u, 4*u - 262 = -5*l. Suppose -5*s + l = 2*a, 3*s = -0*a - a + 27. Calculate the remainder when a is divided by 8.
7
Calculate the remainder when 138 is divided by (-80)/(-6) + 82/123.
12
Let p be 18 - 2*3/6. Suppose a = -5*g + 12, 3*g + p = 3*a - g. Calculate the remainder when 27 is divided by a.
6
Suppose -2*i - 4 = -0, 84 = 2*j + 2*i. Calculate the remainder when 174 is divided by j.
42
Suppose 0 = p, -f + 3*p - 228 = -5*f. Let l(x) = -x**2 - 10*x - 12. Let h be l(-11). Let z = 38 + h. Calculate the remainder when f is divided by z.
12
Let v(b) = -52*b. Calculate the remainder when v(-2) is divided by 35.
34
Suppose -32 - 28 = -2*n. What is the remainder when n is divided by 21?
9
Let g(u) = -u**2 - 10*u + 8. Let r be g(7). Suppose 20*n - 185 = 15*n. What is the remainder when n is divided by 2/3 + r/(-9)?
11
Calculate the remainder when 9 is divided by (616/21)/4 - (-4)/6.
1
Suppose -2*c + 9 = a, 5*a + 15 = 5*c + 45. Suppose 5*j = 33 + 97. What is the remainder when j is divided by a?
5
Let n = 5 - -8. Let t(q) = 3*q**2 + 6*q + 4. Calculate the remainder when t(-5) is divided by n.
10
What is the remainder when ((-10)/(20/6))/((-3)/90) is divided by -4 + (-2)/(-1) + 25?
21
Let a(c) = 2*c**2 + 9*c + 2. Calculate the remainder when a(-5) is divided by 2.
1
Let y = -7 - -12. Suppose -d = y - 41. Suppose -j = -4*j + d. Calculate the remainder when 33 is divided by j.
9
Let a be (-10 + 1)/(-3) - -1. Suppose 13 = -5*o + 4*k + 54, o - 5 = a*k. Calculate the remainder when 16 is divided by o.
7
Let m = 26 - 36. Suppose -7*s + 117 = -4*s. What is the remainder when s is divided by (-20)/7*35/m?
9
Let k(m) = -3*m - 25. Calculate the remainder when 1/(-2)*(-28)/2 is divided by k(-9).
1
Suppose -3*z + z - 10 = 2*k, 4*z - 5*k = -29. Let d be (-3)/z*-2 - -5. Suppose -d*j - j + 45 = 0. Calculate the remainder when 17 is divided by j.
8
Suppose -p + 6 = -0. Calculate the remainder when (-36)/234 - (-145)/13 is divided by p.
5
Let c(a) = 5*a - 7. What is the remainder when 68 is divided by c(5)?
14
Let n be (-763)/28 + 1/4. Let c = 2 - n. Calculate the remainder when c is divided by 16.
13
Suppose 3*g + 68 = 287. Calculate the remainder when g is divided by 19.
16
Let z(p) = -3*p + 6. Let q be z(4). What is the remainder when (-104)/3*9/q is divided by 18?
16
Let f(g) = g**2 + 4*g + 1. Let b be 5/15 + 52/(-3). Let o = b + 12. What is the remainder when 11 is divided by f(o)?
5
Suppose -3*f = -1361 + 41. Suppose 0 = a + 2*a + 2*r - 262, -5*a - 4*r + f = 0. What is the remainder when a is divided by 29?
26
Let m be (-21)/(-1)*3/9. Suppose 0 = 5*s - 2*o + 12, -o + 9 = -5*s - m. Let d = 7 + s. Calculate the remainder when 11 is divided by d.
2
Let x(w) = -w**2 + 7*w - 8. Let n be x(6). Suppose 2*s - 50 = -3*s. Calculate the remainder when n/1*145/(-10) is divided by s.
9
Let o = 57 - -5. What is the remainder when o is divided by 21?
20
Suppose 2*j - 7 - 9 = 0. Let x be (6/9)/(j/36). Suppose 70 = x*g + 2*g. What is the remainder when 26 is divided by g?
12
Suppose -3*i + i - 14 = 0. Let l(c) = -3*c - 10. Let j be l(i). Let a = j - 4. Calculate the remainder when 27 is divided by a.
6
Suppose -17*k = -12*k - 265. Calculate the remainder when k is divided by 10.
3
Let t(c) = -9*c + 1. Let m be t(-1). Suppose -3*f + m = 2*f. Suppose -6 = 2*z - 5*z. Calculate the remainder when f is divided by z.
0
Let l = -8 - -13. Suppose 5*o = -2*g - 2*g + 131, -l*o + 135 = 5*g. Calculate the remainder when o is divided by 12.
11
Let k be ((-3)/(-2))/((-8)/96). Let s = k + 19. Calculate the remainder when s is divided by 1.
0
Let q = -14 - -24. Suppose -j + 6*j = q. Suppose -4 = -s + j. Calculate the remainder when 10 is divided by s.
4
Suppose 3*x = -n + 12, -2*x + 0 = -10. Let c = 11 - n. Calculate the remainder when c is divided by 3.
2
Let w = -15 - -21. Let g(u) = 3*u - 66. What is the remainder when g(26) is divided by w/9 - (-26)/6?
2
Calculate the remainder when 135 is divided by 230/69*(-42)/(-5).
23
Let k(c) = c - 1. Let b be k(-5). Let f(r) = -2*r + 2. Let u(l) = -l**3 + 8*l**2 + 13*l + 4. What is the remainder when u(9) is divided by f(b)?
12
Let x = -3 - -10. Let l(v) = v**2 - 5*v - 2. What is the remainder when 2/9 + (-313)/(-9) is divided by l(x)?
11
Suppose 177 = -3*s + 45. Calculate the remainder when (-1 + 2)/((-2)/s) is divided by (-54)/(-7) - (-4)/14.
6
Suppose -3*v + 2*c + 23 = -7, -3*c = v - 10. Calculate the remainder when 18 is divided by v.
8
Let h = -10 + 10. Suppose -5*i + h = -15. What is the remainder when i is divided by 3?
0
Suppose 5*d - 27 = -4*d. Suppose 5 = 4*a + 1, 5*i - 2*a - 8 = 0. What is the remainder when d is divided by i?
1
Calculate the remainder when 132 is divided by (3/(-12)*3)/((-5)/300).
42
Let j(s) = s**2 + 15*s - 14. Calculate the remainder when 39 is divided by j(-17).
19
Let x be -10*4*31/10. Let m = -79 - x. Calculate the remainder when m is divided by 23.
22
Suppose -2*c - 67 = -3*c. What is the remainder when c is divided by 14?
11
Let n = -7 + 12. Suppose 3 = b - 2, n*b 